) - v(u). Determine i(a).
5
Let x(w) be the first derivative of w**3/3 + 5*w**2 - 58*w - 752. What is x(-14)?
-2
Let n(h) = -29*h - 24. Let w(j) = -14*j - 9. Let m(u) = -6*n(u) + 13*w(u). Give m(2).
11
Let q = -13 - -17. Let o be ((q + -5)*0)/(-2). Let z(a) = 153 + 3*a - 147 - a - 3*a. Calculate z(o).
6
Let s(p) be the second derivative of p**4/12 + 5*p**3/2 + 4*p**2 - 1029*p. Determine s(-15).
8
Suppose -2*f = -7*f + 35. Let x(y) = -y**2 + y + 1. Let v(q) = -q**3 + 3*q**2 - 2*q + 4. Let o(k) = -v(k) + 5*x(k). Calculate o(f).
1
Let i(g) be the third derivative of -3*g**4/4 + g**3/3 + 6*g**2 - 9. Let m(z) = z. Let c(p) = i(p) + 5*m(p). Determine c(2).
-24
Let v(l) = 3*l**2 - 7*l - 7. Let i be v(-1). Let p be (-3 + 5/(-15) + i)*-18. Let o(t) be the third derivative of -t**4/24 - t**3/6 - t**2. What is o(p)?
-7
Let p(m) = 16*m - 70. Let j(c) = -272*c - 1355. Let u be j(-5). What is p(u)?
10
Suppose -i = v - 3, -34*i = -29*i - 2*v - 29. Let z(s) = 6*s**2 - 2*s - 12. Let w(g) = 5*g**2 - g - 11. Let u(d) = 7*w(d) - 6*z(d). Give u(i).
-5
Let o(f) = 6*f + 777. Let b be o(-129). Let c(m) be the first derivative of -m**3/3 + 2*m**2 + 2*m + 1. Determine c(b).
5
Let s(p) = -26*p**2 - 32*p**2 + p**3 - 37*p**2 - 28*p**2 + p - 17 + 100*p**2. Give s(23).
6
Let x(u) be the second derivative of u**3/6 + 7*u**2 - 3*u. Suppose 267 + 63 = -30*j - 0*j. Determine x(j).
3
Let m(z) = -z**3 + 5*z**2 + 8*z - 3. Let q be m(6). Suppose -2*c - c = -q. Let n(r) = -11*r + 2. Let t(f) = -f. Let s(j) = n(j) - 7*t(j). Determine s(c).
-10
Let n(m) = 28*m + 10*m - 41*m + 18*m - 27. Determine n(1).
-12
Let t(j) be the first derivative of j**2 - 19*j + 945. Calculate t(-6).
-31
Let f be (6/(-15))/(29/(4350/12)). Let n(y) be the first derivative of -2*y**3/3 - 2*y**2 - 7*y + 2. Determine n(f).
-37
Let g(r) = r + 4. Suppose -4*b - 4 = -3*b, 2*h - 32 = 4*b. Let y be 15/6*h/5. Calculate g(y).
8
Let w(x) = 2*x**3 - 14*x**2 + 10*x + 8. Suppose -672 = -107*b - 78 + 48. Determine w(b).
-4
Let f(q) = 19*q - 15. Let v(t) = -5*t + 5. Let d(i) = -f(i) - 4*v(i). Give d(24).
19
Let m(g) = -g**2 - 13*g - 8. Let w be m(-11). Let r = w - 41. Let f be (-21)/r - 4/(-18). Let n(i) = -4*i**2 + i - 1. Calculate n(f).
-4
Let z = 307 + -275. Let v(i) = -37 + 16*i**2 - 16*i + 21 + z - i**3. Calculate v(15).
1
Let o(l) be the first derivative of 1/2*l**3 - l - 2 - 1/20*l**5 + 5/2*l**2 - 1/3*l**4. Let w(k) be the first derivative of o(k). What is w(-4)?
-7
Let a(x) = -3*x**2 - 11*x + 7. Let g be a(-4). Let u(t) = -6 + 2 + 5 + 6*t - g. Determine u(2).
10
Let i(r) = 134*r - 144. Let l be i(1). Let f(u) be the first derivative of u**3/3 + 5*u**2 - 10*u - 3. Determine f(l).
-10
Suppose -1690 - 3958 = -16*p. Let c = 358 - p. Let y(x) = 6*x**3 + 5*x**2 - 3*x**3 - 6 - 4*x**3 + 2*x. What is y(c)?
4
Let k(r) be the third derivative of -r**6/20 + r**5/120 - 92*r**3/3 + r**2 - 51. Let o(p) be the first derivative of k(p). Calculate o(1).
-17
Let c(g) = -g**3 - 10*g**2 - g + 5. Suppose -413*q + 396*q + 680 = 0. Suppose 0 = -204*x + 200*x - q. Give c(x).
15
Let a(q) = 21*q - 16. Let v(j) = -8*j + 6. Suppose 0 = -x - 76 + 79. Let d(p) = x*a(p) + 8*v(p). Determine d(-5).
5
Suppose 15*i - 6*i - 45 = 0. Let l(g) = g**2 + 5*g - 4. Let h(m) = 1. Let c(v) = i*h(v) + l(v). Calculate c(-5).
1
Let k = -110 + 109. Let z(b) be the second derivative of -b**6/180 + b**5/120 - 2*b**3 - 13*b. Let p(n) be the second derivative of z(n). Calculate p(k).
-3
Let p = -9 + 0. Let l be 3 + -3 + 1/(-3)*-3. Let u(r) = 12*r - 3 + 13*r - 24*r + l. Calculate u(p).
-11
Let n(m) be the third derivative of m**5/6 - m**4 + 4*m**3 - 195*m**2. Determine n(1).
10
Let c = -196 - -200. Suppose 4*q = -2*g, -7*g + 4*g = c*q + 6. Let v(l) = -l**2 - 4*l - 2. Give v(g).
-14
Let k be (-260)/(-50) - 1/(-20)*-4. Let d(b) = -7*b + 6. Let p = 12 - 23. Let o(w) = -13*w + 11. Let i(m) = p*d(m) + 6*o(m). Calculate i(k).
-5
Suppose 0 = 4*t, 0 = -3*k + k + 4*t + 50. Let a(v) = -11*v**2 - 8*v**2 - v**2 + v**3 - 5 + 3*v + k*v**2. Calculate a(-4).
-1
Let t(a) = -16 + 3*a + 5 + 13. Let p(b) = -2*b**2 - 6*b - 7. Let l be p(-4). Let s be -1 - l/21 - 240/42. Calculate t(s).
-16
Suppose 3*s = -3*t + 9, -4*t - 5*s + 53 - 45 = 0. Let i(u) = u**2 - 9*u - 6. Give i(t).
-20
Let u = 12619 - 12619. Let f(k) = -k**2 - 9*k - 6. Give f(u).
-6
Suppose -4*f + 15 + 65 = 0. Suppose 6*j - f = j. Let q(l) = 4*l + 1 + l**2 - j - 10*l. Calculate q(6).
-3
Let t(s) = -17*s + 35. Let l(y) = -y**2 - 84*y + 173. Let c(z) = 2*l(z) - 11*t(z). Determine c(5).
6
Let j(n) be the third derivative of -n**5/60 + n**4/24 + 21*n**3/2 - 41*n**2. Let s(b) be the first derivative of j(b). Determine s(7).
-13
Suppose 0 = -2*s + 3*n + 12, s - 20 = 2*s + 5*n. Suppose -4*z + 22 + 2 = s. Let q(j) = -j**2 + 4. Give q(z).
-32
Let d(s) = 12*s - 30. Let q be d(3). Let t(i) be the third derivative of 0*i + 1/24*i**4 + 15*i**2 + 0 - i**3. Determine t(q).
0
Let a(d) = -d**3 - 7*d**2 - 9*d + 17. Let i be ((-6)/3 - -2)/((-6)/2) + -5. Give a(i).
12
Let n(p) = 5 - p + 3*p**2 - 2 + 4 - 6. Suppose 42*q + 2 = 41*q. Give n(q).
15
Let i(s) = 2*s**2 + 4*s - 12. Let t(a) = a**2 + 7*a - 58. Let m be t(-12). Give i(m).
4
Let p(y) = -y**3 - 8*y**2 + 5*y + 8. Let h be 4/11 - (-9844)/(-1177). Calculate p(h).
-32
Let z(w) be the second derivative of w**5/20 - w**4/3 - 13*w**3/6 + 15*w**2 + 2228*w. Calculate z(5).
-10
Let f(x) be the first derivative of -90 + 9/2*x**2 - 1/3*x**3 - 3*x. Give f(7).
11
Let v(z) = z - 1. Let c = -6 + 20. Let d(g) = -8*g + 3. Let a(l) = c*v(l) + 2*d(l). Determine a(6).
-20
Let r(a) be the second derivative of -a**3/6 + a**2/2 - 783*a. Suppose -4*y = -5*x - 51, 0 = 3*x - 2*y - 2*y + 37. Give r(x).
8
Let r(o) = 3*o - 38. Let y(x) = -x**3 + 46*x**2 + 2*x - 82. Let n be y(46). Calculate r(n).
-8
Let a(b) = -85*b + 3740. Let i be a(44). Let p(k) = -4*k - 3. Give p(i).
-3
Let u(o) = -84*o + 175*o - 85*o + 4. Let j(n) = 2*n - 4 - 7*n + 0*n. Let i(s) = 5*j(s) + 4*u(s). What is i(0)?
-4
Let q(o) = -130*o + 29. Let z(b) = -17*b + 4. Let l(h) = 6*q(h) - 46*z(h). What is l(11)?
12
Let j(h) be the third derivative of -h**6/720 - h**5/120 + 31*h**4/8 + 82*h**2. Let g(a) be the second derivative of j(a). What is g(-8)?
7
Let a = 2/1485 + 3461/2970. Let s(r) be the second derivative of -a*r**4 + 0 + 0*r**3 - 8*r + 1/2*r**2. Calculate s(1).
-13
Let y(j) = 8*j**3 - j**2 - 6*j + 2. Let a(b) = -5*b**3 + b**2 + 4*b - 1. Let l(u) = -6*a(u) - 4*y(u). Give l(-2).
6
Let k(n) = -5*n**3 - 23*n**2 - 14*n + 16. Let q(z) = -6*z**3 - 28*z**2 - 16*z + 19. Let o(c) = 5*k(c) - 4*q(c). What is o(-3)?
22
Suppose -47*y - 364 = 5*y. Let k be (21/6)/(y/14). Let r(x) = x**3 + 7*x**2 - 2*x - 5. What is r(k)?
9
Let s(r) = -r**2 - 438977 + 3*r - 4*r + 23*r + 438994. Determine s(23).
-6
Suppose -45 = -h - 8*h. Suppose 0 = -h*o + 69 - 29. Let w(r) = 0*r - 2*r - o*r - r + 4. What is w(3)?
-29
Let y(x) be the first derivative of -5*x**2 - 3*x + 4102. Calculate y(7).
-73
Let g(o) = -o**3 - 9*o**2 - 6*o + 5. Let t(x) = x - 15. Suppose 3*z = -3*f - 58 - 26, 3*f + 5*z + 76 = 0. Let u = 39 + f. Let h be t(u). What is g(h)?
-11
Let g(m) = -40 - 33*m**2 - m**3 + 10*m**2 - 35 + 68 - 23*m + m. What is g(-22)?
-7
Let z(g) = -g**2 - 30. Suppose -3*d + 5*m + 38 = 0, -5*m - 19 - 1 = 0. Suppose 3*h - d*h = h. Give z(h).
-30
Suppose -3 = v + 4*z, -4*z - 17 = v + 2*v. Let r(q) = -3. Let a(c) = -c**2 - 4*c + 5. Let t(j) = a(j) - r(j). What is t(v)?
-13
Let x(g) be the first derivative of -g**2 - g + 38. Let y(l) = -34*l + 198. Let f be y(6). What is x(f)?
11
Let j(r) = -7*r - 7 + 2*r**2 - 7 + 0*r + 23. What is j(6)?
39
Let m(g) be the second derivative of g**7/840 + g**6/360 - g**4/24 + 19*g**3/6 - 23*g. Let r(x) be the second derivative of m(x). Let k = 20 - 21. Give r(k).
-1
Suppose -d + 23 = 5*a, a - d - 37 = -4*a. Let f(o) = -2*o - 16. Calculate f(a).
-28
Let q be -1*(6 + -7)*7. Let n(z) = -2 - q*z - 2 + 4*z - 1. Calculate n(-4).
7
Let i be ((-42)/56)/((-1)/8). Let w(o) = -3*o**2 + o**2 - 2*o - o + 4*o - 7 + 8*o. Calculate w(i).
-25
Let c be 2/2 + 1/1. Let x(t) = -t + 2 - 3 - 2*t + c*t. Suppose 42 = 5*u + 2*p, 2*p + 11 = 2*u - 3. What is x(u)?
-9
Let k = 31 - 152. Let o = -118 - k. Suppose -9*w - 48 = -o*w. Let b(c) = -c**3 - 8*c**2 - c + 1. Calculate b(w).
9
Let a be (2